{"id":1390,"date":"2017-10-17T11:18:49","date_gmt":"2017-10-17T09:18:49","guid":{"rendered":"http:\/\/ambroisezd.cluster023.hosting.ovh.net\/?page_id=1390"},"modified":"2023-05-12T12:42:02","modified_gmt":"2023-05-12T10:42:02","slug":"cas-clients","status":"publish","type":"page","link":"https:\/\/www.ambroise-bouvier.com\/en\/references\/cas-clients\/","title":{"rendered":"Cas Clients"},"content":{"rendered":"<div id=\"pl-1390\"  class=\"panel-layout\" ><div id=\"pg-1390-0\"  class=\"panel-grid panel-no-style\" ><div id=\"pgc-1390-0-0\"  class=\"panel-grid-cell\" ><div id=\"panel-1390-0-0-0\" class=\"so-panel widget widget_lsow-testimonials panel-first-child panel-last-child\" data-index=\"0\" ><div\n\t\t\t\n\t\t\tclass=\"so-widget-lsow-testimonials so-widget-lsow-testimonials-default-d75171398898-1390\"\n\t\t\t\n\t\t>\r\n<div class=\"lsow-testimonials lsow-grid-container  lsow-grid-desktop-3 lsow-grid-tablet-2 lsow-grid-mobile-1\"><div class=\"lsow-grid-item lsow-testimonial \" ><div class=\"lsow-testimonial-text\"><p>\u00ab Nous travaillons depuis de nombreuses ann\u00e9es avec cette <em>Entreprise familiale<\/em>. Nous appr\u00e9cions particuli\u00e8rement son <em>professionnalisme<\/em>, la qualit\u00e9 des \u00e9changes et sa r\u00e9activit\u00e9 dans les situations de crise. La parfaite compr\u00e9hension de nos exigences et de nos sp\u00e9cificit\u00e9s en font un partenaire incontournable. Le dynamisme de son dirigeant, appr\u00e9hendant les \u00e9volutions permanentes du m\u00e9tier, est une garantie pour l'avenir. \u00bb<\/p>\n<\/div><div class=\"lsow-testimonial-user\"><div class=\"lsow-image-wrapper\"><img loading=\"lazy\" decoding=\"async\" width=\"120\" height=\"120\" src=\"https:\/\/i0.wp.com\/www.ambroise-bouvier.com\/wp-content\/uploads\/2017\/10\/homme4.png?resize=120%2C120&amp;ssl=1\" class=\"lsow-image full\" alt=\"\" data-attachment-id=\"1429\" data-permalink=\"https:\/\/www.ambroise-bouvier.com\/en\/references\/cas-clients\/homme4\/\" data-orig-file=\"https:\/\/i0.wp.com\/www.ambroise-bouvier.com\/wp-content\/uploads\/2017\/10\/homme4.png?fit=120%2C120&amp;ssl=1\" data-orig-size=\"120,120\" data-comments-opened=\"1\" data-image-meta=\"{&quot;aperture&quot;:&quot;0&quot;,&quot;credit&quot;:&quot;&quot;,&quot;camera&quot;:&quot;&quot;,&quot;caption&quot;:&quot;&quot;,&quot;created_timestamp&quot;:&quot;0&quot;,&quot;copyright&quot;:&quot;&quot;,&quot;focal_length&quot;:&quot;0&quot;,&quot;iso&quot;:&quot;0&quot;,&quot;shutter_speed&quot;:&quot;0&quot;,&quot;title&quot;:&quot;&quot;,&quot;orientation&quot;:&quot;0&quot;}\" data-image-title=\"homme4\" data-image-description=\"\" data-image-caption=\"\" data-medium-file=\"https:\/\/i0.wp.com\/www.ambroise-bouvier.com\/wp-content\/uploads\/2017\/10\/homme4.png?fit=120%2C120&amp;ssl=1\" data-large-file=\"https:\/\/i0.wp.com\/www.ambroise-bouvier.com\/wp-content\/uploads\/2017\/10\/homme4.png?fit=120%2C120&amp;ssl=1\" tabindex=\"0\" role=\"button\" \/><\/div><div class=\"lsow-text\"><h3 class=\"lsow-author-name\">Henri Smetana<\/h3><div class=\"lsow-author-credentials\">MFP Michelin<\/div><\/div><!-- .lsow-text --><\/div><!-- .lsow-testimonial-user --><\/div><!-- .lsow-testimonial --><div class=\"lsow-grid-item lsow-testimonial \" ><div class=\"lsow-testimonial-text\"><p>\u00ab Nous importons de France de la poudre de lait pour animaux et des semences. La plupart de ces transports sont effectu\u00e9s par AMBROISE BOUVIER TRANSPORTS. Cela fait 15 ans que nous travaillons avec eux. Ils sont s\u00e9rieux, fiables et toujours ponctuels. Cette ponctualit\u00e9 est essentielle, sans quoi nous perdons en production et en vente. Leurs camions ne sont jamais en panne et les accidents sont tr\u00e8s rares. Si nous avons besoin de transporter plus de volume, ils savent s\u2019adapter. Leurs prix sont convenables. Nos interlocuteurs chez eux sont cordiaux et clairs. C\u2019est vraiment le meilleur transporteur que nous ayons ! \u00bb<\/p>\n<\/div><div class=\"lsow-testimonial-user\"><div class=\"lsow-image-wrapper\"><img loading=\"lazy\" decoding=\"async\" width=\"120\" height=\"120\" src=\"https:\/\/i0.wp.com\/www.ambroise-bouvier.com\/wp-content\/uploads\/2017\/10\/femme2_0.png?resize=120%2C120&amp;ssl=1\" class=\"lsow-image full\" alt=\"\" data-attachment-id=\"1768\" data-permalink=\"https:\/\/www.ambroise-bouvier.com\/en\/engagements\/environnement\/femme2_0\/\" data-orig-file=\"https:\/\/i0.wp.com\/www.ambroise-bouvier.com\/wp-content\/uploads\/2017\/10\/femme2_0.png?fit=120%2C120&amp;ssl=1\" data-orig-size=\"120,120\" data-comments-opened=\"1\" data-image-meta=\"{&quot;aperture&quot;:&quot;0&quot;,&quot;credit&quot;:&quot;&quot;,&quot;camera&quot;:&quot;&quot;,&quot;caption&quot;:&quot;&quot;,&quot;created_timestamp&quot;:&quot;0&quot;,&quot;copyright&quot;:&quot;&quot;,&quot;focal_length&quot;:&quot;0&quot;,&quot;iso&quot;:&quot;0&quot;,&quot;shutter_speed&quot;:&quot;0&quot;,&quot;title&quot;:&quot;&quot;,&quot;orientation&quot;:&quot;0&quot;}\" data-image-title=\"femme2_0\" data-image-description=\"\" data-image-caption=\"\" data-medium-file=\"https:\/\/i0.wp.com\/www.ambroise-bouvier.com\/wp-content\/uploads\/2017\/10\/femme2_0.png?fit=120%2C120&amp;ssl=1\" data-large-file=\"https:\/\/i0.wp.com\/www.ambroise-bouvier.com\/wp-content\/uploads\/2017\/10\/femme2_0.png?fit=120%2C120&amp;ssl=1\" tabindex=\"0\" role=\"button\" \/><\/div><div class=\"lsow-text\"><h3 class=\"lsow-author-name\">Suzy<\/h3><div class=\"lsow-author-credentials\">SIVAM (Italie)<\/div><\/div><!-- .lsow-text --><\/div><!-- .lsow-testimonial-user --><\/div><!-- .lsow-testimonial --><div class=\"lsow-grid-item lsow-testimonial \" ><div class=\"lsow-testimonial-text\"><p>\u00ab Depuis plus de 10 ans, nous confions \u00e0 <strong>Ambroise Bouvier Transports<\/strong> une partie de nos exp\u00e9ditions de lots \u00e0 destination de la France et de l\u2019Italie du Nord. La prestation de transport est capitale pour nous : elle concourt \u00e0 la satisfaction de nos clients. C\u2019est pourquoi nous ne travaillons qu\u2019avec des partenaires que nous avons soigneusement s\u00e9lectionn\u00e9s, qui connaissent bien nos contraintes et qui ont su int\u00e9grer notre culture d\u2019entreprise. <strong>Ambroise Bouvier Transports<\/strong> a une flotte de camions en bon \u00e9tat , dont certains \u00e0 nos couleurs : leurs chauffeurs sont s\u00e9rieux et professionnels. Nous \u00e9voluons sur un march\u00e9 qui exige une forte r\u00e9activit\u00e9, notre planning est tr\u00e8s mouvant. Certains des imprim\u00e9s que nous transportons sont assimilables \u00e0 des denr\u00e9es p\u00e9rissables. Si l\u2019information arrive trop tard, elle n\u2019a plus de valeur\u2026 ce qui nous rend tr\u00e8s exigeants concernant le respect de la date de livraison. <strong>Ambroise Bouvier Transports<\/strong> a su d\u00e9velopper au fil du temps une attitude positive, s\u2019effor\u00e7ant au mieux de trouver des solutions \u00e0 nos demandes. \u00bb<\/p>\n<\/div><div class=\"lsow-testimonial-user\"><div class=\"lsow-image-wrapper\"><img loading=\"lazy\" decoding=\"async\" width=\"120\" height=\"120\" src=\"https:\/\/i0.wp.com\/www.ambroise-bouvier.com\/wp-content\/uploads\/2017\/10\/homme2.png?resize=120%2C120&amp;ssl=1\" class=\"lsow-image full\" alt=\"\" data-attachment-id=\"1432\" data-permalink=\"https:\/\/www.ambroise-bouvier.com\/en\/references\/cas-clients\/homme2\/\" data-orig-file=\"https:\/\/i0.wp.com\/www.ambroise-bouvier.com\/wp-content\/uploads\/2017\/10\/homme2.png?fit=120%2C120&amp;ssl=1\" data-orig-size=\"120,120\" data-comments-opened=\"1\" data-image-meta=\"{&quot;aperture&quot;:&quot;0&quot;,&quot;credit&quot;:&quot;&quot;,&quot;camera&quot;:&quot;&quot;,&quot;caption&quot;:&quot;&quot;,&quot;created_timestamp&quot;:&quot;0&quot;,&quot;copyright&quot;:&quot;&quot;,&quot;focal_length&quot;:&quot;0&quot;,&quot;iso&quot;:&quot;0&quot;,&quot;shutter_speed&quot;:&quot;0&quot;,&quot;title&quot;:&quot;&quot;,&quot;orientation&quot;:&quot;0&quot;}\" data-image-title=\"homme2\" data-image-description=\"\" data-image-caption=\"\" data-medium-file=\"https:\/\/i0.wp.com\/www.ambroise-bouvier.com\/wp-content\/uploads\/2017\/10\/homme2.png?fit=120%2C120&amp;ssl=1\" data-large-file=\"https:\/\/i0.wp.com\/www.ambroise-bouvier.com\/wp-content\/uploads\/2017\/10\/homme2.png?fit=120%2C120&amp;ssl=1\" tabindex=\"0\" role=\"button\" \/><\/div><div class=\"lsow-text\"><h3 class=\"lsow-author-name\">Pascal Touchefeu<\/h3><div class=\"lsow-author-credentials\">Responsable Achats chez AGIR GRAPHIC (53)<\/div><\/div><!-- .lsow-text --><\/div><!-- .lsow-testimonial-user --><\/div><!-- .lsow-testimonial --><div class=\"lsow-grid-item lsow-testimonial \" ><div class=\"lsow-testimonial-text\"><p>\u00ab <strong>Ambroise Bouvier Transports<\/strong> est notre partenaire depuis plus de 10 ans. Il y a un an, ayant recentr\u00e9 notre stock et notre logistique, nous les avons choisis pour tous nos transports depuis l\u2019Italie et l\u2019Espagne. Cela repr\u00e9sente 80% de nos ventes. Le transport fait partie int\u00e9grante de notre business, le choix du transporteur est donc primordial. <strong>Ambroise Bouvier Transports<\/strong> est une entreprise familiale : cela leur conf\u00e8re un \u00e9tat d\u2019esprit qui nous correspond bien. Ils ont su se placer au niveau tarifaire. Et surtout ils ont une tr\u00e8s bonne qualit\u00e9 de service. C\u2019est d\u2019abord pour cette raison que nous fonctionnons avec eux. Ils ont mis en place un syst\u00e8me de navette hebdomadaire sur l\u2019Italie qui r\u00e9pond \u00e0 nos besoins.\u00bb<\/p>\n<\/div><div class=\"lsow-testimonial-user\"><div class=\"lsow-image-wrapper\"><img loading=\"lazy\" decoding=\"async\" width=\"120\" height=\"120\" src=\"https:\/\/i0.wp.com\/www.ambroise-bouvier.com\/wp-content\/uploads\/2017\/10\/homme4.png?resize=120%2C120&amp;ssl=1\" class=\"lsow-image full\" alt=\"\" data-attachment-id=\"1429\" data-permalink=\"https:\/\/www.ambroise-bouvier.com\/en\/references\/cas-clients\/homme4\/\" data-orig-file=\"https:\/\/i0.wp.com\/www.ambroise-bouvier.com\/wp-content\/uploads\/2017\/10\/homme4.png?fit=120%2C120&amp;ssl=1\" data-orig-size=\"120,120\" data-comments-opened=\"1\" data-image-meta=\"{&quot;aperture&quot;:&quot;0&quot;,&quot;credit&quot;:&quot;&quot;,&quot;camera&quot;:&quot;&quot;,&quot;caption&quot;:&quot;&quot;,&quot;created_timestamp&quot;:&quot;0&quot;,&quot;copyright&quot;:&quot;&quot;,&quot;focal_length&quot;:&quot;0&quot;,&quot;iso&quot;:&quot;0&quot;,&quot;shutter_speed&quot;:&quot;0&quot;,&quot;title&quot;:&quot;&quot;,&quot;orientation&quot;:&quot;0&quot;}\" data-image-title=\"homme4\" data-image-description=\"\" data-image-caption=\"\" data-medium-file=\"https:\/\/i0.wp.com\/www.ambroise-bouvier.com\/wp-content\/uploads\/2017\/10\/homme4.png?fit=120%2C120&amp;ssl=1\" data-large-file=\"https:\/\/i0.wp.com\/www.ambroise-bouvier.com\/wp-content\/uploads\/2017\/10\/homme4.png?fit=120%2C120&amp;ssl=1\" tabindex=\"0\" role=\"button\" \/><\/div><div class=\"lsow-text\"><h3 class=\"lsow-author-name\">Alain Fortin<\/h3><div class=\"lsow-author-credentials\">Carr\u00e9 &amp; Deco, Fortin Design<\/div><\/div><!-- .lsow-text --><\/div><!-- .lsow-testimonial-user --><\/div><!-- .lsow-testimonial --><\/div><!-- .lsow-testimonials --><div class=\"lsow-clear\"><\/div><\/div><\/div><\/div><\/div><\/div>","protected":false},"excerpt":{"rendered":"<p>\u00ab Nous travaillons depuis de nombreuses ann\u00e9es avec cette Entreprise familiale. Nous appr\u00e9cions particuli\u00e8rement son professionnalisme, la qualit\u00e9 des \u00e9changes et sa r\u00e9activit\u00e9 dans les situations de crise. La parfaite &#8230;<\/p>\n","protected":false},"author":1,"featured_media":0,"parent":1388,"menu_order":0,"comment_status":"closed","ping_status":"closed","template":"","meta":{"jetpack_post_was_ever_published":false,"footnotes":""},"class_list":["post-1390","page","type-page","status-publish","hentry"],"jetpack_sharing_enabled":true,"jetpack_shortlink":"https:\/\/wp.me\/P9jkdM-mq","jetpack_likes_enabled":true,"jetpack-related-posts":[],"_links":{"self":[{"href":"https:\/\/www.ambroise-bouvier.com\/en\/wp-json\/wp\/v2\/pages\/1390\/"}],"collection":[{"href":"https:\/\/www.ambroise-bouvier.com\/en\/wp-json\/wp\/v2\/pages\/"}],"about":[{"href":"https:\/\/www.ambroise-bouvier.com\/en\/wp-json\/wp\/v2\/types\/page\/"}],"author":[{"embeddable":true,"href":"https:\/\/www.ambroise-bouvier.com\/en\/wp-json\/wp\/v2\/users\/1\/"}],"replies":[{"embeddable":true,"href":"https:\/\/www.ambroise-bouvier.com\/en\/wp-json\/wp\/v2\/comments\/?post=1390"}],"version-history":[{"count":19,"href":"https:\/\/www.ambroise-bouvier.com\/en\/wp-json\/wp\/v2\/pages\/1390\/revisions\/"}],"predecessor-version":[{"id":15618,"href":"https:\/\/www.ambroise-bouvier.com\/en\/wp-json\/wp\/v2\/pages\/1390\/revisions\/15618\/"}],"up":[{"embeddable":true,"href":"https:\/\/www.ambroise-bouvier.com\/en\/wp-json\/wp\/v2\/pages\/1388\/"}],"wp:attachment":[{"href":"https:\/\/www.ambroise-bouvier.com\/en\/wp-json\/wp\/v2\/media\/?parent=1390"}],"curies":[{"name":"wp","href":"https:\/\/api.w.org\/{rel}","templated":true}]}}

<div id="pl-1390"  class="panel-layout" ><div id="pg-1390-0"  class="panel-grid panel-no-style" ><div id="pgc-1390-0-0"  class="panel-grid-cell" ><div id="panel-1390-0-0-0" class="so-panel widget widget_lsow-testimonials panel-first-child panel-last-child" data-index="0" ><div
			
			class="so-widget-lsow-testimonials so-widget-lsow-testimonials-default-d75171398898-1390"
			
		>
<div class="lsow-testimonials lsow-grid-container  lsow-grid-desktop-3 lsow-grid-tablet-2 lsow-grid-mobile-1"><div class="lsow-grid-item lsow-testimonial " ><div class="lsow-testimonial-text"><p>« Nous travaillons depuis de nombreuses années avec cette <em>Entreprise familiale</em>. Nous apprécions particulièrement son <em>professionnalisme</em>, la qualité des échanges et sa réactivité dans les situations de crise. La parfaite compréhension de nos exigences et de nos spécificités en font un partenaire incontournable. Le dynamisme de son dirigeant, appréhendant les évolutions permanentes du métier, est une garantie pour l'avenir. »</p>
</div><div class="lsow-testimonial-user"><div class="lsow-image-wrapper"><img loading="lazy" decoding="async" width="120" height="120" src="https://i0.wp.com/www.ambroise-bouvier.com/wp-content/uploads/2017/10/homme4.png?resize=120%2C120&amp;ssl=1" class="lsow-image full" alt="" data-attachment-id="1429" data-permalink="https://www.ambroise-bouvier.com/en/references/cas-clients/homme4/" data-orig-file="https://i0.wp.com/www.ambroise-bouvier.com/wp-content/uploads/2017/10/homme4.png?fit=120%2C120&amp;ssl=1" data-orig-size="120,120" data-comments-opened="1" data-image-meta="{&quot;aperture&quot;:&quot;0&quot;,&quot;credit&quot;:&quot;&quot;,&quot;camera&quot;:&quot;&quot;,&quot;caption&quot;:&quot;&quot;,&quot;created_timestamp&quot;:&quot;0&quot;,&quot;copyright&quot;:&quot;&quot;,&quot;focal_length&quot;:&quot;0&quot;,&quot;iso&quot;:&quot;0&quot;,&quot;shutter_speed&quot;:&quot;0&quot;,&quot;title&quot;:&quot;&quot;,&quot;orientation&quot;:&quot;0&quot;}" data-image-title="homme4" data-image-description="" data-image-caption="" data-medium-file="https://i0.wp.com/www.ambroise-bouvier.com/wp-content/uploads/2017/10/homme4.png?fit=120%2C120&amp;ssl=1" data-large-file="https://i0.wp.com/www.ambroise-bouvier.com/wp-content/uploads/2017/10/homme4.png?fit=120%2C120&amp;ssl=1" tabindex="0" role="button" /></div><div class="lsow-text"><h3 class="lsow-author-name">Henri Smetana</h3><div class="lsow-author-credentials">MFP Michelin</div></div><!-- .lsow-text --></div><!-- .lsow-testimonial-user --></div><!-- .lsow-testimonial --><div class="lsow-grid-item lsow-testimonial " ><div class="lsow-testimonial-text"><p>« Nous importons de France de la poudre de lait pour animaux et des semences. La plupart de ces transports sont effectués par AMBROISE BOUVIER TRANSPORTS. Cela fait 15 ans que nous travaillons avec eux. Ils sont sérieux, fiables et toujours ponctuels. Cette ponctualité est essentielle, sans quoi nous perdons en production et en vente. Leurs camions ne sont jamais en panne et les accidents sont très rares. Si nous avons besoin de transporter plus de volume, ils savent s’adapter. Leurs prix sont convenables. Nos interlocuteurs chez eux sont cordiaux et clairs. C’est vraiment le meilleur transporteur que nous ayons ! »</p>
</div><div class="lsow-testimonial-user"><div class="lsow-image-wrapper"><img loading="lazy" decoding="async" width="120" height="120" src="https://i0.wp.com/www.ambroise-bouvier.com/wp-content/uploads/2017/10/femme2_0.png?resize=120%2C120&amp;ssl=1" class="lsow-image full" alt="" data-attachment-id="1768" data-permalink="https://www.ambroise-bouvier.com/en/engagements/environnement/femme2_0/" data-orig-file="https://i0.wp.com/www.ambroise-bouvier.com/wp-content/uploads/2017/10/femme2_0.png?fit=120%2C120&amp;ssl=1" data-orig-size="120,120" data-comments-opened="1" data-image-meta="{&quot;aperture&quot;:&quot;0&quot;,&quot;credit&quot;:&quot;&quot;,&quot;camera&quot;:&quot;&quot;,&quot;caption&quot;:&quot;&quot;,&quot;created_timestamp&quot;:&quot;0&quot;,&quot;copyright&quot;:&quot;&quot;,&quot;focal_length&quot;:&quot;0&quot;,&quot;iso&quot;:&quot;0&quot;,&quot;shutter_speed&quot;:&quot;0&quot;,&quot;title&quot;:&quot;&quot;,&quot;orientation&quot;:&quot;0&quot;}" data-image-title="femme2_0" data-image-description="" data-image-caption="" data-medium-file="https://i0.wp.com/www.ambroise-bouvier.com/wp-content/uploads/2017/10/femme2_0.png?fit=120%2C120&amp;ssl=1" data-large-file="https://i0.wp.com/www.ambroise-bouvier.com/wp-content/uploads/2017/10/femme2_0.png?fit=120%2C120&amp;ssl=1" tabindex="0" role="button" /></div><div class="lsow-text"><h3 class="lsow-author-name">Suzy</h3><div class="lsow-author-credentials">SIVAM (Italie)</div></div><!-- .lsow-text --></div><!-- .lsow-testimonial-user --></div><!-- .lsow-testimonial --><div class="lsow-grid-item lsow-testimonial " ><div class="lsow-testimonial-text"><p>« Depuis plus de 10 ans, nous confions à <strong>Ambroise Bouvier Transports</strong> une partie de nos expéditions de lots à destination de la France et de l’Italie du Nord. La prestation de transport est capitale pour nous : elle concourt à la satisfaction de nos clients. C’est pourquoi nous ne travaillons qu’avec des partenaires que nous avons soigneusement sélectionnés, qui connaissent bien nos contraintes et qui ont su intégrer notre culture d’entreprise. <strong>Ambroise Bouvier Transports</strong> a une flotte de camions en bon état , dont certains à nos couleurs : leurs chauffeurs sont sérieux et professionnels. Nous évoluons sur un marché qui exige une forte réactivité, notre planning est très mouvant. Certains des imprimés que nous transportons sont assimilables à des denrées périssables. Si l’information arrive trop tard, elle n’a plus de valeur… ce qui nous rend très exigeants concernant le respect de la date de livraison. <strong>Ambroise Bouvier Transports</strong> a su développer au fil du temps une attitude positive, s’efforçant au mieux de trouver des solutions à nos demandes. »</p>
</div><div class="lsow-testimonial-user"><div class="lsow-image-wrapper"><img loading="lazy" decoding="async" width="120" height="120" src="https://i0.wp.com/www.ambroise-bouvier.com/wp-content/uploads/2017/10/homme2.png?resize=120%2C120&amp;ssl=1" class="lsow-image full" alt="" data-attachment-id="1432" data-permalink="https://www.ambroise-bouvier.com/en/references/cas-clients/homme2/" data-orig-file="https://i0.wp.com/www.ambroise-bouvier.com/wp-content/uploads/2017/10/homme2.png?fit=120%2C120&amp;ssl=1" data-orig-size="120,120" data-comments-opened="1" data-image-meta="{&quot;aperture&quot;:&quot;0&quot;,&quot;credit&quot;:&quot;&quot;,&quot;camera&quot;:&quot;&quot;,&quot;caption&quot;:&quot;&quot;,&quot;created_timestamp&quot;:&quot;0&quot;,&quot;copyright&quot;:&quot;&quot;,&quot;focal_length&quot;:&quot;0&quot;,&quot;iso&quot;:&quot;0&quot;,&quot;shutter_speed&quot;:&quot;0&quot;,&quot;title&quot;:&quot;&quot;,&quot;orientation&quot;:&quot;0&quot;}" data-image-title="homme2" data-image-description="" data-image-caption="" data-medium-file="https://i0.wp.com/www.ambroise-bouvier.com/wp-content/uploads/2017/10/homme2.png?fit=120%2C120&amp;ssl=1" data-large-file="https://i0.wp.com/www.ambroise-bouvier.com/wp-content/uploads/2017/10/homme2.png?fit=120%2C120&amp;ssl=1" tabindex="0" role="button" /></div><div class="lsow-text"><h3 class="lsow-author-name">Pascal Touchefeu</h3><div class="lsow-author-credentials">Responsable Achats chez AGIR GRAPHIC (53)</div></div><!-- .lsow-text --></div><!-- .lsow-testimonial-user --></div><!-- .lsow-testimonial --><div class="lsow-grid-item lsow-testimonial " ><div class="lsow-testimonial-text"><p>« <strong>Ambroise Bouvier Transports</strong> est notre partenaire depuis plus de 10 ans. Il y a un an, ayant recentré notre stock et notre logistique, nous les avons choisis pour tous nos transports depuis l’Italie et l’Espagne. Cela représente 80% de nos ventes. Le transport fait partie intégrante de notre business, le choix du transporteur est donc primordial. <strong>Ambroise Bouvier Transports</strong> est une entreprise familiale : cela leur confère un état d’esprit qui nous correspond bien. Ils ont su se placer au niveau tarifaire. Et surtout ils ont une très bonne qualité de service. C’est d’abord pour cette raison que nous fonctionnons avec eux. Ils ont mis en place un système de navette hebdomadaire sur l’Italie qui répond à nos besoins.»</p>
</div><div class="lsow-testimonial-user"><div class="lsow-image-wrapper"><img loading="lazy" decoding="async" width="120" height="120" src="https://i0.wp.com/www.ambroise-bouvier.com/wp-content/uploads/2017/10/homme4.png?resize=120%2C120&amp;ssl=1" class="lsow-image full" alt="" data-attachment-id="1429" data-permalink="https://www.ambroise-bouvier.com/en/references/cas-clients/homme4/" data-orig-file="https://i0.wp.com/www.ambroise-bouvier.com/wp-content/uploads/2017/10/homme4.png?fit=120%2C120&amp;ssl=1" data-orig-size="120,120" data-comments-opened="1" data-image-meta="{&quot;aperture&quot;:&quot;0&quot;,&quot;credit&quot;:&quot;&quot;,&quot;camera&quot;:&quot;&quot;,&quot;caption&quot;:&quot;&quot;,&quot;created_timestamp&quot;:&quot;0&quot;,&quot;copyright&quot;:&quot;&quot;,&quot;focal_length&quot;:&quot;0&quot;,&quot;iso&quot;:&quot;0&quot;,&quot;shutter_speed&quot;:&quot;0&quot;,&quot;title&quot;:&quot;&quot;,&quot;orientation&quot;:&quot;0&quot;}" data-image-title="homme4" data-image-description="" data-image-caption="" data-medium-file="https://i0.wp.com/www.ambroise-bouvier.com/wp-content/uploads/2017/10/homme4.png?fit=120%2C120&amp;ssl=1" data-large-file="https://i0.wp.com/www.ambroise-bouvier.com/wp-content/uploads/2017/10/homme4.png?fit=120%2C120&amp;ssl=1" tabindex="0" role="button" /></div><div class="lsow-text"><h3 class="lsow-author-name">Alain Fortin</h3><div class="lsow-author-credentials">Carré &amp; Deco, Fortin Design</div></div><!-- .lsow-text --></div><!-- .lsow-testimonial-user --></div><!-- .lsow-testimonial --></div><!-- .lsow-testimonials --><div class="lsow-clear"></div></div></div></div></div></div>

<p>« Nous travaillons depuis de nombreuses années avec cette Entreprise familiale. Nous apprécions particulièrement son professionnalisme, la qualité des échanges et sa réactivité dans les situations de crise. La parfaite &#8230;</p>
